What is the highest common divisor of 28380 and 30?
30
Calculate the greatest common divisor of 936 and 12.
12
Calculate the greatest common factor of 4212 and 156.
156
What is the greatest common divisor of 5280 and 840?
120
Calculate the highest common divisor of 4818 and 330.
66
Calculate the highest common divisor of 72 and 18.
18
What is the highest common divisor of 154 and 56?
14
What is the greatest common divisor of 32 and 1952?
32
What is the greatest common factor of 78 and 6?
6
Calculate the greatest common divisor of 40240 and 5.
5
What is the greatest common factor of 74549 and 127?
127
What is the highest common divisor of 37 and 111?
37
Calculate the greatest common divisor of 341 and 124.
31
Calculate the greatest common divisor of 486 and 18.
18
What is the greatest common divisor of 5 and 65?
5
Calculate the highest common factor of 810 and 900.
90
Calculate the greatest common divisor of 90 and 3180.
30
Calculate the greatest common factor of 1825 and 50.
25
Calculate the highest common factor of 424 and 32.
8
Calculate the greatest common divisor of 112 and 28.
28
What is the greatest common divisor of 1030 and 10?
10
What is the highest common factor of 117 and 26793?
117
Calculate the greatest common divisor of 8512 and 171.
19
Calculate the highest common factor of 850 and 102.
34
What is the highest common divisor of 45 and 2235?
15
Calculate the highest common factor of 228 and 96.
12
Calculate the highest common factor of 94 and 5546.
94
Calculate the highest common divisor of 858 and 44.
22
What is the greatest common divisor of 2303 and 49?
49
Calculate the greatest common divisor of 63 and 1197.
63
Calculate the greatest common factor of 2725 and 5.
5
Calculate the greatest common factor of 36 and 4491.
9
What is the highest common factor of 186 and 248?
62
What is the greatest common factor of 17 and 459?
17
What is the greatest common factor of 10 and 945?
5
What is the highest common divisor of 22 and 8338?
22
What is the greatest common divisor of 10 and 22?
2
Calculate the highest common factor of 24 and 184.
8
Calculate the highest common divisor of 76 and 2394.
38
Calculate the greatest common factor of 3161 and 725.
29
Calculate the highest common factor of 1727 and 99.
11
What is the greatest common divisor of 426 and 284?
142
Calculate the greatest common divisor of 51 and 731.
17
What is the highest common factor of 19 and 11?
1
What is the highest common factor of 162 and 414?
18
What is the highest common factor of 6305 and 130?
65
What is the greatest common factor of 162 and 72?
18
What is the greatest common factor of 669 and 3?
3
What is the highest common divisor of 1 and 211?
1
What is the greatest common divisor of 341 and 11?
11
What is the highest common factor of 220 and 100?
20
Calculate the greatest common divisor of 140 and 40.
20
What is the highest common factor of 15 and 45?
15
Calculate the greatest common factor of 79 and 158.
79
Calculate the greatest common divisor of 122 and 427.
61
What is the greatest common factor of 41 and 27101?
41
What is the highest common factor of 456 and 114?
114
What is the greatest common factor of 1220 and 250?
10
What is the greatest common factor of 26 and 793?
13
What is the highest common divisor of 472 and 16638?
118
What is the highest common factor of 52 and 676?
52
Calculate the greatest common factor of 3590 and 80.
10
What is the highest common divisor of 17152 and 804?
268
Calculate the greatest common factor of 56 and 64.
8
What is the highest common divisor of 153 and 629?
17
Calculate the greatest common factor of 176 and 40.
8
Calculate the highest common factor of 132 and 11308.
44
Calculate the highest common divisor of 736 and 32.
32
What is the greatest common divisor of 2 and 1139?
1
What is the highest common factor of 41 and 24272?
41
Calculate the greatest common divisor of 56 and 1288.
56
What is the highest common divisor of 135 and 630?
45
What is the greatest common factor of 42 and 18?
6
What is the greatest common factor of 78 and 1144?
26
What is the highest common divisor of 37187 and 41?
41
Calculate the greatest common divisor of 291 and 1261.
97
Calculate the highest common factor of 57 and 18.
3
What is the highest common divisor of 522 and 18?
18
Calculate the highest common divisor of 183 and 61.
61
What is the highest common divisor of 522 and 63?
9
What is the greatest common divisor of 12 and 522?
6
Calculate the highest common divisor of 10 and 10210.
10
Calculate the greatest common factor of 7 and 2471.
7
What is the highest common divisor of 1125 and 90?
45
Calculate the highest common divisor of 1485 and 180.
45
What is the highest common factor of 48 and 156?
12
What is the highest common divisor of 14703 and 116?
29
Calculate the greatest common factor of 45 and 10.
5
What is the highest common divisor of 2000 and 16?
16
Calculate the highest common divisor of 793 and 39.
13
What is the greatest common divisor of 12051 and 117?
117
What is the greatest common divisor of 172 and 356?
4
Calculate the highest common divisor of 147 and 4830.
21
What is the highest common factor of 771 and 15?
3
Calculate the highest common factor of 54 and 24.
6
Calculate the greatest common factor of 4 and 226.
2
What is the highest common divisor of 1247 and 86?
43
What is the highest common factor of 905 and 65?
5
What is the highest common divisor of 30 and 270?
30
Calculate the greatest common factor of 1326 and 255.
51
Calculate the highest common divisor of 2674 and 84.
14
What is the greatest common divisor of 1072 and 1139?
67
What is the highest common divisor of 28 and 2394?
14
What is the greatest common factor of 38 and 171?
19
Calculate the greatest common factor of 154 and 112.
14
Calculate the highest common factor of 5 and 18185.
5
What is the highest common divisor of 4 and 1124?
4
What is the greatest common factor of 3696 and 44?
44
Calculate the highest common factor of 15 and 2055.
15
Calculate the greatest common factor of 355 and 3337.
71
Calculate the greatest common divisor of 516 and 2316.
12
What is the highest common factor of 506 and 11?
11
What is the greatest common factor of 1143 and 63?
9
Calculate the highest common factor of 726 and 2706.
66
Calculate the greatest common divisor of 10 and 800.
10
What is the highest common factor of 72 and 279?
9
Calculate the highest common factor of 9405 and 110.
55
What is the greatest common factor of 14 and 329?
7
What is the highest common factor of 45 and 405?
45
What is the highest common factor of 113 and 47799?
113
What is the greatest common divisor of 44164 and 488?
244
What is the highest common factor of 76 and 836?
76
What is the highest common factor of 3515 and 925?
185
Calculate the highest common divisor of 12 and 174.
6
Calculate the greatest common divisor of 25 and 2200.
25
Calculate the greatest common factor of 70 and 90.
10
Calculate the highest common factor of 948 and 60.
12
What is the greatest common factor of 1 and 7?
1
What is the highest common divisor of 155 and 62?
31
What is the highest common factor of 3320 and 2158?
166
What is the highest common divisor of 10 and 5?
5
What is the greatest common factor of 7 and 43519?
7
What is the highest common factor of 600 and 1440?
120
Calculate the greatest common divisor of 150 and 1110.
30
What is the highest common factor of 63 and 10917?
9
Calculate the highest common factor of 2185 and 920.
115
Calculate the highest common factor of 87 and 1392.
87
What is the greatest common divisor of 8173 and 33?
11
Calculate the highest common divisor of 90282 and 246.
246
Calculate the highest common divisor of 10 and 60110.
10
Calculate the greatest common divisor of 18 and 522.
18
What is the highest common factor of 957 and 132?
33
Calculate the greatest common factor of 1632 and 2346.
102
Calculate the highest common factor of 24 and 3246.
6
What is the greatest common factor of 2286 and 126?
18
What is the highest common divisor of 912 and 1083?
57
What is the greatest common divisor of 1342 and 488?
122
What is the highest common factor of 2464 and 28?
28
What is the greatest common divisor of 1749 and 477?
159
Calculate the highest common divisor of 2805 and 55.
55
Calculate 